b = 1890 + -706. Suppose 5*r + 4*q - q - 1443 = 0, 0 = 4*r - 5*q - b. Suppose 2*a - 326 = -2*n, 5*n - r = -2*a + 38. What are the prime factors of a?
2, 3
Suppose 0 = 30*v - 121370 - 258160. What are the prime factors of v?
3, 4217
Suppose -14*h + 46 = -24. Suppose 0 = -h*b + 3*c + 490 + 665, 2*b + 5*c = 493. What are the prime factors of b?
2, 3, 13
List the prime factors of (20 + 272/(-20))*(-2185)/(-2).
2, 19, 23
Let y(i) = -i**3 - i**2 + 27. Let h be y(0). Let v = 238 + h. What are the prime factors of v?
5, 53
Let u = -256 - 269. Suppose 15*l - 12*l = -990. Let x = l - u. What are the prime factors of x?
3, 5, 13
Let f(j) = 15*j - 6*j - 17*j - 1 - 2. Let d be (0 - 1)/(1/5). What are the prime factors of f(d)?
37
Suppose -53*j + 49*j + 18159 = -5*u, 5*j - 22703 = 2*u. List the prime factors of j.
19, 239
Let z(k) = -27*k + 13. Let n = -45 + 41. List the prime factors of z(n).
11
Let i = 76 - 70. Suppose 4*j = i*j - 4. Suppose j*z + 65 = 7*z. What are the prime factors of z?
13
Suppose 3*i - 4*k - 143 = -149, 5*i = -3*k + 19. Suppose -4*o - 1767 = -2*m - 4557, i*o + 3*m - 1399 = 0. List the prime factors of o.
2, 349
Let n(s) = 7*s**2 - 10*s + 21. Let k(v) = -v**2 - v + 2. Let l(b) = -6*k(b) + n(b). What are the prime factors of l(3)?
2, 3, 19
What are the prime factors of 8/(-6) + -6925*(-16)/3 + -6?
2, 37, 499
Let o = 16850 - 7462. What are the prime factors of o?
2, 2347
Suppose 4*k = -4*n - 44, -14 = -k + 4*n - 0. Let o(s) = -s**3 - 6*s**2 - 2*s - 6. Let y be o(k). What are the prime factors of y/(2 + -1 + 93/(-96))?
2, 3
Let t = 11 + -9. Suppose -t*w - 2*w = 0. Let u = 63 + w. What are the prime factors of u?
3, 7
Let t = 93 + -198. Let h = t + 160. List the prime factors of h.
5, 11
Let d be ((-114)/57)/((-10)/6 - -1). Suppose 3*h - 400 = -2*k, h - d*h = k - 268. Suppose -2*w + h = 2*w. List the prime factors of w.
2, 17
Let i be -2 - 48/(-26) - (-108)/26. Suppose 4*t + 784 = 5*g - 284, 5*g + i*t - 1092 = 0. Suppose -3*k + g = 6*k. What are the prime factors of k?
2, 3
Let l = 390 - 388. Suppose -4*v + 1880 = -4*a, 0 = -l*v - v - 4*a + 1396. What are the prime factors of v?
2, 3, 13
Suppose 3*r + c - 11 = 0, 5*c = -5*r + 6 + 19. Let a(q) = -q**2 - 18*q - 75. Let h be a(-6). What are the prime factors of h/(-4)*r/(12/560)?
3, 5, 7
Suppose -3*g = -3*v + 18, 5*v = 4*g - g + 40. Suppose -15*y + 680 = -v*y. What are the prime factors of y?
2, 5, 17
Suppose 0 = -3*q - 15, -784 = -2*d + 3*q - 103. What are the prime factors of d/(-4)*(-32)/12?
2, 3, 37
Let v(b) = b**3 + 53*b**2 + 75*b + 160. List the prime factors of v(-36).
2, 11, 443
Let r = -3644 + 20950. List the prime factors of r.
2, 17, 509
Let p(a) = -27*a**3 - 3*a**2 - 5*a. Let m be p(-2). Let x = m + -134. Let w = 15 + x. List the prime factors of w.
5, 19
Suppose -42646 = -5*x - 2*m, 0 = 5*x + 5*m - 6*m - 42667. List the prime factors of x.
2, 3, 79
Let a(m) = 9*m**3 + 3*m**2 + 4*m + 1. Let v be a(4). Let f = -212 + v. List the prime factors of f.
3, 11, 13
Let k = 1 + -4. Let z be k - -11 - (-5 - -2). Suppose -10*n - 66 = -z*n. What are the prime factors of n?
2, 3, 11
Let h(b) = -349*b + 1019. What are the prime factors of h(-14)?
5, 1181
List the prime factors of (-91162)/(-57)*3*(3 - 2).
2, 2399
Suppose 2*a + 103 = -7. Let n be ((-7)/(-14))/((-2)/(-412)). Let t = a + n. List the prime factors of t.
2, 3
Let p(q) = 5*q**2 - 42*q + 11. Let h be p(26). Suppose -16*v + 18*v = 3*m + h, -m + 1142 = v. List the prime factors of v.
5, 229
Let a = 216 + -154. Let u = 69 - a. Suppose -u*r + 452 = -31. What are the prime factors of r?
3, 23
Let d(i) = i**2 + 30*i - 55. Let v be d(-32). List the prime factors of (1256/6)/(6/v) - 2.
2, 3, 13
Let v(f) = -f**2 - 2*f - 1. Let m(u) = u**3 - u**2 + 13*u - 20. Let s(p) = -m(p) + 2*v(p). List the prime factors of s(-8).
2, 7, 43
Let m = 152 + -147. Suppose -m*a + 168 = -2*a. What are the prime factors of a?
2, 7
Let w = -1172 + 2860. What are the prime factors of w?
2, 211
Suppose -5*c = 228 + 197. Suppose -n + 124 = -t, 3*n + 0*n - 5*t = 378. Let q = n + c. What are the prime factors of q?
2, 3
What are the prime factors of 142932/3 + -2 + (1 + -14 - -19)?
2, 1489
Let a = -18112 + 37592. List the prime factors of a.
2, 5, 487
Let b(f) be the second derivative of f**6/24 + f**5/120 - f**4/8 - f**3/3 + 17*f. Let l(o) be the second derivative of b(o). List the prime factors of l(-3).
3, 43
Let u = -59893 - -133641. What are the prime factors of u?
2, 103, 179
Suppose -229*z = -254*z + 166200. List the prime factors of z.
2, 3, 277
What are the prime factors of 229272/24 + (-4 - (1 + 0))?
2, 7, 11, 31
Let j be (23*-213 + -3)*12/(-24). Let a = 3482 - j. List the prime factors of a.
1031
Let z = 4586 - 2407. List the prime factors of z.
2179
Suppose -s = 4*g - 3*s + 98, 3*g = -2*s - 91. Suppose 4*v = 20*j - 19*j - 114, 4*j - 516 = -4*v. Let y = j + g. List the prime factors of y.
3, 11
Suppose -31*i = -27*i + 12, 4*l = 5*i + 8407. Suppose -39*t = -41*t + l. What are the prime factors of t?
1049
Suppose -92*q + 96*q - 100 = 0. Suppose -2*u - 15341 = -q*u. List the prime factors of u.
23, 29
What are the prime factors of (2*-4)/((-54)/25326)?
2, 7, 67
Let k = 39253 + -26696. List the prime factors of k.
29, 433
Suppose -4*o + 31 = -17. Suppose 0 = -7*j - o*j + 57. What are the prime factors of (0 - (-2 + 3))/(j/(-459))?
3, 17
Suppose 5*q + o - 1635 = 0, q + o - 220 = 103. List the prime factors of q.
2, 41
Suppose 13 + 23 = -6*n. Let z be (-5)/10*1*n. Suppose 39 = 2*p - 3*r, r + 65 = 3*p + z*r. What are the prime factors of p?
3, 7
Let j(r) = r**3 - 11*r**2 - 9*r - 32. Let h be j(12). Suppose -n + b + 2205 = 3*n, -2*b - 2210 = -h*n. List the prime factors of n.
2, 5, 11
Let g(t) = 4*t**3 + 25*t**2 + 3*t - 13. What are the prime factors of g(13)?
13, 17, 59
Let z(s) = -203*s**2 - 169*s**2 + 415*s**2 + 16*s. What are the prime factors of z(3)?
3, 5, 29
List the prime factors of 3*(-8)/18*(-784437)/74.
2, 37, 191
Let q(c) = -222*c + 7*c**2 - 6 - 5*c**2 + 78*c + 72*c + 61*c. Let h(y) = -y - 12. Let r be h(-6). What are the prime factors of q(r)?
2, 3, 11
Let q be (-33*6)/(-3) + 0. Suppose 4*x - 6*x = 120. Let v = x + q. What are the prime factors of v?
2, 3
Suppose 2*g - 5*f + 4*f - 12 = 0, -3*f + 4 = 2*g. Suppose -6*h - 35 = -3*z - h, 0 = 4*z - g*h - 40. Suppose z*w - 18 = 362. What are the prime factors of w?
2, 19
Suppose 2*p = 2, -4*t + t + 90 = 3*p. Let z = t - 29. Suppose -2*k - 348 = -5*s, z = -2*s - s + k + 208. List the prime factors of s.
2, 17
Let b(l) = l**3 + 15*l**2 + 5*l - 4. Suppose 9*i = 19*i + 140. List the prime factors of b(i).
2, 61
Suppose -4*x = 3*z + 6 + 5, 2*x + 1 = -3*z. Suppose 37 = -z*h + 178. Suppose 5*p = 6*p - h. List the prime factors of p.
47
Suppose -p + 430 = -6*i + 10*i, 800 = 2*p - 4*i. What are the prime factors of p?
2, 5, 41
What are the prime factors of 5 + ((-500939)/(-187) - (-4)/22)?
2, 11, 61
Let v(w) be the second derivative of w**4/4 - 19*w**3/6 + 4*w**2 - 16*w. Let l be v(6). What are the prime factors of (-14)/(-8) - l - (-733)/4?
3, 61
Let r(i) = 8*i + 182. Let q be r(-9). Let z = -45 + q. List the prime factors of z.
5, 13
Let c(f) = 43*f**3 - 8*f**2 + 78*f - 191. What are the prime factors of c(3)?
2, 283
Let u(i) be the first derivative of -1/3*i**3 + 5*i**2 - 15*i - 28. What are the prime factors of u(6)?
3
Let x = 249 + -57. Suppose -4*j + x = -8*j. Let f = -35 - j. List the prime factors of f.
13
Let h be 6/((-6)/(-39) + (-175)/(-130)). Suppose -1782 = -3*m - 5*c, 4*m + h*c - 1779 = m. List the prime factors of m.
19, 31
Suppose -3*v - 4*u = -145, -3*v - 5*u + 106 = -v. Let c = v + -40. Suppose 3 = 3*f - c. What are the prime factors of f?
2
Let b be ((-408)/(-32))/17 - (-170)/8. What are the prime factors of 1188/b - 2*3?
2, 3
Let x(d) be the second derivative of d**6/40 + 5*d**4/24 + 5*d**3/2 + 2*d. Let v(p) be the second derivative of x(p). What are the prime factors of v(4)?
149
Let m(y) = 3*y**3 + 9*y**2 + 4*y - 12. Let i be m(4). What are the prime factors of (-28 + i)*(-9)/(-4)?
2, 3, 13
Let p(b) = -8*b**2 - 33*b + 14 + 10*b**2 + b**2 - 4*b**2 + 24. List the prime factors of p(-22).
2, 5, 7
Suppose 5*c - 12 = 3. Suppose -c*j - 18607 = -26*j. List the prime factors of j.
809
Let m(i) = -4*i*